e w(-6). Suppose 5 = -2*q - p, -2*p + 1 + o = q. What is v(q)?
-5
Let h(u) = -4*u**3 - u**2 + 6*u - 2. Let a(v) = -5*v**3 - v**2 + 7*v - 2. Let c(w) = 3*a(w) - 4*h(w). Determine c(2).
8
Let p be 10 - (2 - (4/(-2))/(-1)). Let b(j) = -j**2 + 10*j - 6. Give b(p).
-6
Suppose 0 = -5*l + 4*f + 50, -2*l = -4*l + 3*f + 27. Suppose 0 = 2*z - l. Let t(d) = 6*d + 9*d - 3 - 14*d. What is t(z)?
0
Let q = 2 + -3. Let y(a) be the third derivative of -a**4/24 - 14*a**2. Calculate y(q).
1
Let w = -16 - -6. Let b(i) = -i**3 - 10*i**2 - 6. Determine b(w).
-6
Let b(u) = -u - 1. Let m(q) = 5*q + 12. Let o(n) = -6*b(n) - m(n). Let v = -2 - -6. What is o(v)?
-2
Let u be (60/(-48))/((-2)/8). Suppose u*d - 29 = -5*c + 2*c, -4*d + 19 = c. Let a(x) = -x**2 - x + 2*x**2 + 1 - 6*x. Calculate a(d).
-11
Let j be (11/(-4))/(5/20). Let i(n) = 14*n - 3. Let o(h) = 5*h - 1. Let s(q) = j*o(q) + 4*i(q). Give s(1).
0
Let b(v) = -2*v + 8. Let u = 48 + -40. Determine b(u).
-8
Let r(n) = n + 1. Suppose 2*b + 3 = -3. Let q be r(b). Let v(w) = w**3 - 3*w - 1. What is v(q)?
-3
Let k = 22 + -16. Suppose 60 = k*i - i. Suppose -w + 4*z + i = w, -1 = z. Let g(u) = u - 5. What is g(w)?
-1
Let g = -1 + 3. Let v(k) = 1 - 3*k**g - k + 3*k**2 - k**2. Calculate v(-2).
-1
Suppose r + 4 + 0 = 0. Let x(p) be the third derivative of p**6/120 + p**5/15 + p**4/24 - p**3/2 + p**2. Calculate x(r).
-7
Suppose -3*a + 41 = 4*u, -2*a - 1 = -u + 1. Let l(i) = i**3 - 9*i**2 + 8*i + 8. Give l(u).
8
Let x = 50 - 30. Let a(f) = 0*f**3 - 24*f**2 - f**3 + f + x*f**2. Calculate a(-4).
-4
Suppose 3*l = -2*g + 7 + 17, g + 2*l = 14. Let q be ((-6)/(-9))/((-4)/g). Let c(o) = 5*o**2 + 5*o - 1. Let t(m) = m. Let w(a) = q*c(a) + 4*t(a). Determine w(1).
-5
Suppose 0 = -8*o - 10 + 42. Let k(v) = -v**2 + 3*v + 1. What is k(o)?
-3
Let r(y) = -y**3 + 2*y**2 - y + 2. Suppose 6*w = 3*w + 5*n + 24, 3*w = -2*n + 3. Give r(w).
-10
Let u(y) be the second derivative of -y**5/20 - 7*y**4/12 - 7*y**3/6 - 5*y**2/2 - y. Let w = -399 - -393. Calculate u(w).
1
Suppose y = -3 - 1. Let p(j) = j + 2. Let r(a) = -3*a - 6. Let o(l) = -17*p(l) - 6*r(l). What is o(y)?
-2
Suppose 4*w + 2*m = 3*w + 11, -3*w - m = -8. Let s(d) = -7*d - 3*d + 5 - 4 + 9*d. Give s(w).
0
Let i(k) = -k**3 - 9*k**2 - 8*k + 1. Suppose -6*d - 17 = 31. Give i(d).
1
Let n(h) = h + 2. Suppose -3*m + 5*y = 30, 3*y + 9 + 21 = -3*m. Let l = m - -8. What is n(l)?
0
Let n(m) = -25*m - 2 + 0 + 27*m. Determine n(-3).
-8
Let a(s) = 2*s - 2. Let l(r) = -10*r + 4. Let v be l(-4). Suppose -j - 3*j = -v. Let h = -8 + j. Determine a(h).
4
Let q(d) = 13*d**2 + 5*d + 1. Let r(j) = -j. Let k(p) = -q(p) - 4*r(p). What is k(-1)?
-13
Let j(l) = 2*l - 2. Let t = -158 - -155. Calculate j(t).
-8
Let x(y) = y**2 + 6*y + 2. Suppose 2*n + 2*c + 16 = 0, 0*n + 3*n - c + 24 = 0. Calculate x(n).
18
Let u(p) = -p**2 + 2*p - 3. Let r(b) = b**2 - b - 4. Let h = 0 + 3. Let l be r(h). What is u(l)?
-3
Let q(t) = t**2 - t + 1. Let n(d) = 5*d**2 - 5*d - 1. Let k(z) = n(z) - 4*q(z). Let h(s) = -2*s**2 + 2*s + 11. Let c(g) = 4*h(g) + 9*k(g). Give c(2).
1
Let c(z) = -3 + 0*z**2 - 9*z + z**2 + 7*z. What is c(3)?
0
Let x = 172 + -337/2. Let b(s) be the second derivative of -1/20*s**5 + 7/6*s**3 + 2*s - x*s**2 + 0 + 1/3*s**4. Calculate b(5).
3
Let n(t) be the third derivative of t**6/120 + t**4/8 + t**3/6 + t**2. What is n(-2)?
-13
Let f(p) = -p**3 + 10*p**2 + 12*p - 5. Let h be f(11). Let v(t) be the second derivative of t**3/6 - 5*t. Determine v(h).
6
Let k(n) = 3*n + 2. Let t(m) be the third derivative of -m**4/6 - m**3/2 - m**2. Let r(d) = -6*k(d) - 5*t(d). Let j be -3*-2*1/(-2). What is r(j)?
-3
Let k(w) = -w**3 - 3*w**2 + 3*w. Let j be (-25)/7 + (-9)/21. Calculate k(j).
4
Let m(w) = -w**3 - 5*w**2 + 5*w - 8. Let r be (12 - 3)/(3/10). Suppose 0*n + r = -5*n. What is m(n)?
-2
Let z(u) = -u**2 - 5*u + 9. Let r be z(2). Let v(p) = -2*p - 3 + p - 1. Determine v(r).
1
Let j(h) = 5*h**3 - h**2 + h + 1. Suppose -4*w - 45 = 19. Let z be (-1)/(-4) + 20/w. Determine j(z).
-6
Let i(k) = 13*k**2 + 20*k - 1. Let f(q) = 3*q**2 + 5*q. Let y(p) = 9*f(p) - 2*i(p). Determine y(-6).
8
Let u(w) = -1 - 2*w + 0*w + 0 + 2. Calculate u(3).
-5
Let l be ((-10)/8)/((-1)/(-4)). Let a(n) be the second derivative of -n**3/3 - 5*n**2/2 + n. Let y be a(l). Let j(m) = m - 7. Calculate j(y).
-2
Let k = -3 + 7. Let v(d) = d**3 + 2*d**2 - 2*d - 3. Let c be v(-2). Let f(o) = k + o**3 - 4*o**2 - c - o**2 + 3*o. Determine f(3).
-6
Let b(r) be the first derivative of r**4/12 + 7*r**3/6 + 5*r**2/2 - 2*r + 4. Let i(n) be the first derivative of b(n). What is i(-4)?
-7
Let n(i) be the first derivative of i**2/2 + 3. Let c be 4/(-3) - 4/6. Calculate n(c).
-2
Let k(a) = a + 13. Let c be k(-11). Let v = -5 + 7. Let o(i) = i**2 + 0*i**v + i + 0 + 1. Determine o(c).
7
Let x(l) be the third derivative of -l**4/2 + l**3/3 + 25*l**2. Calculate x(2).
-22
Let o(s) be the second derivative of s**3/6 - s**2 + 2*s + 11. Calculate o(-5).
-7
Suppose -6 = i - 0. Let f(t) = -t**3 - 7*t**2 - 5*t - 2. Give f(i).
-8
Suppose -2*h + 5*h - s = 6, -5*h + 2*s + 11 = 0. Let p(d) = 3*d + 3 + 2*d**2 + 5*d**3 - 4*d - 3. Calculate p(h).
6
Let c(j) = j - 8. Suppose -101*y = -103*y. Determine c(y).
-8
Let b(v) = -v**2 + 3. Let s(o) be the third derivative of o**5/30 + o**4/12 + o**2. Let q be s(-2). Suppose -2*i = -q*i. Determine b(i).
3
Let o(d) = -4*d + 1. Suppose 5*i - 24 - 1 = 0. What is o(i)?
-19
Let j(z) = -z - 6. Let a be j(-7). Let y(n) = -17*n**3 - n**2 + 2*n - 1. Give y(a).
-17
Suppose 3*k - 27 = 5*l, l + 0*k - 5*k = -23. Let z(r) = -r**3 + r**2 + 5*r + 2. Determine z(l).
23
Let q = 27 + -41. Let l = -10 - q. Let o(n) = 0*n - 6 - n**2 + 7*n + 0*n. Determine o(l).
6
Let l(b) = -4 + 11*b**3 + 5 + 0. Determine l(-1).
-10
Let v(r) = -r**2 - 2*r + 1. Let j(a) = -a**3 + 2*a**2 + 3*a - 3. Let w = 0 + 3. Let k be j(w). Determine v(k).
-2
Let x be (-1 + 8)/(-1) + 2. Let l be (1/(-1))/(x/20). Let a(j) = -j + 2. What is a(l)?
-2
Let n(f) be the first derivative of -f**4/4 - 4*f**3/3 - f**2 + 4*f - 2. Let z(y) = -y + 5. Let g be z(0). Let j = g + -8. Calculate n(j).
1
Let n(p) be the first derivative of -p**2/2 - 5*p + 1. Determine n(-4).
-1
Let f(j) = 2*j + 3 - 3 - 5 + 2. Give f(5).
7
Let v(o) = o**2 + o - 5. Let a be v(-5). Let s be 3/a - 2/10. Let t(x) = -5 + s*x - 1 + x - 2. Calculate t(4).
-4
Let c(f) = f**3 + 9. Let b be 0 + -1 + 2 + 1. Let g = 0 - -5. Suppose 0 = v + 5*p + g, -2*p = -2*v + b*p + 4. Calculate c(v).
9
Let p(r) = -r**3 + 3*r**2 - r - 2. Suppose 0 = 2*q + 3*q - 15. What is p(q)?
-5
Let j(i) = i**3 + 6*i**2 + 2*i - 1. Suppose 5*a + a + 24 = 0. Determine j(a).
23
Let w(g) be the first derivative of g**4/4 + 8*g**3/3 + g**2/2 + 9*g - 14. What is w(-8)?
1
Let m(a) = -5*a. Let n be m(-1). Let p(b) = b**2 - 7*b + 7. Determine p(n).
-3
Let i(f) be the third derivative of -f**4/24 - 2*f**3/3 + 20*f**2. Give i(-7).
3
Let p(i) = -3*i - 3*i - i**2 + 2*i + 0*i + 7. Determine p(-6).
-5
Suppose 2*j - 2*r = -10, r - 25 = -4*r. Suppose 4*q + j*q - 12 = 0. Suppose -o = -q*o + 8. Let h(l) = l**3 - 4*l**2 + 2*l - 5. Give h(o).
3
Let c be (-1)/(-2) - 5/(-2). Let h(o) = o - 1 + 2 - c. Let r(a) = 3*a - 6. Let j(n) = -7*h(n) + 2*r(n). Determine j(5).
-3
Suppose -3*z + 4*a + 1 = 0, 0*z + 4*z - 5*a = 1. Let b(c) = 0*c - c**2 - 5*c**3 + 4*c - 4*c - 2*c - 1. What is b(z)?
5
Let i(f) be the first derivative of f**4/12 + f**3/6 - 3*f**2/2 + 2. Let c(j) be the second derivative of i(j). What is c(1)?
3
Let o(j) be the third derivative of -j**5/30 - j**4/4 - j**3/3 + 20*j**2. What is o(-5)?
-22
Let n = 11 - 9. Let o(l) be the first derivative of -2 + 2*l + 1/3*l**3 + 3/2*l**n. Give o(-3).
2
Suppose -u + 5 = -2*d - 3*d, 2*d - u + 5 = 0. Let p(n) = -n + 6. Let q be p(d). Let i(z) = z**2 + 4 + 4*z - q - 4. Calculate i(-5).
-1
Let k(p) = -p**3 - 4*p**2 + 4. Let x(c) = 6*c + 10. Let y(m) = -m - 2. Let h(d) = -2*x(d) - 11*y(d). Let s be h(-5). Suppose 3*n = -16 + s. What is k(n)?
-5
Suppose 68*d - 65*d = 0. Let z(j) be the second derivative of 1/6*j**3 + 3/2*j**2 - 3*j + d. Determine z(-6).
-3
Let q(i) = 3*i**2 + 3*i. Let b be (5 + -1)*(-27)/36. What is q(b)?
18
Let i(q) = -q**3 + 3*q**2 + q - 4. Let v = -7 - -10. What is i(v)?
-1
Let d = -10 + 22. Suppose -2*c - 4*q - 2 - 4 = 0, d = 5*c + q. Let v(m)